 1084*t + 13315. What is v(-12)?
307
Let b(x) = x**3 - 161*x**2 - 3126*x + 15021. Give b(4).
5
Let r(o) = -111037*o + 2664857. What is r(24)?
-31
Let z(g) = -g**2 + 515*g - 66384. Calculate z(268).
-188
Let o(j) = -183*j**3 + 6*j**2 - 13*j + 3. Determine o(2).
-1463
Let y(g) = -487*g + 49196. What is y(101)?
9
Let k(x) = 5399*x + 140395. Calculate k(-26).
21
Let m(u) = u**2 + 69*u - 672. Calculate m(-72).
-456
Let n(v) = -v**3 + 26*v**2 - 102*v + 623. Give n(24).
-673
Let d(w) = -5589*w + 2498286. Determine d(447).
3
Let d(w) = -w**3 + 372*w**2 - 71*w + 26448. Calculate d(372).
36
Let n(o) = -5*o**3 - 139*o**2 + 25*o - 84. Determine n(-28).
0
Let t(p) = -107*p**2 + 4*p - 111. Calculate t(-3).
-1086
Let k(v) = 7618*v - 15961. Calculate k(2).
-725
Let c(h) = 52502*h + 6825293. Calculate c(-130).
33
Let m(u) = 3*u**3 + 110*u**2 - 1653*u - 958. Calculate m(-48).
50
Let v(k) = -117*k - 8160. Calculate v(-67).
-321
Let g(s) = 33*s**3 - 9*s**2 - 121*s + 284. Calculate g(2).
270
Let h(d) = -1856*d - 21248. Give h(-11).
-832
Let l(k) = 263*k**2 - 6308*k - 93. What is l(24)?
3
Let s(c) = -2897*c + 47971. Give s(17).
-1278
Let m(t) = 20*t**2 - 11107*t - 101580. What is m(-9)?
3
Let w(q) = -1070657*q + 10706609. Give w(10).
39
Let n(t) = 790*t - 16994. Give n(23).
1176
Let w(b) = 10*b**2 - 76*b - 27. Determine w(10).
213
Let z(f) = 48*f**2 + 108*f - 630. What is z(8)?
3306
Let t(v) = 250*v - 1379. What is t(6)?
121
Let d(u) = -u**3 + 23*u**2 + 750*u - 459. Determine d(41).
33
Let c(i) = i**2 - 366*i + 24790. What is c(90)?
-50
Let u(x) = 121*x + 1501. Determine u(-15).
-314
Let f(u) = -u**2 - 243*u - 13016. Give f(-79).
-60
Let a(t) = -919*t - 36631. Calculate a(-40).
129
Let o(v) = -13*v**2 - 547*v - 3202. Calculate o(-6).
-388
Let d(x) = -168*x + 560. Give d(4).
-112
Let l(z) = -101*z**3 - 13*z**2 + 22. What is l(3)?
-2822
Let l(g) = 32737*g + 2913596. Give l(-89).
3
Let j(u) = -1619*u + 984355. Determine j(608).
3
Let f(a) = 15*a**2 - 564*a + 3874. What is f(30)?
454
Let j(a) = a**3 + 21*a**2 + 291*a + 1116. Determine j(-5).
61
Let v(h) = 14*h**2 + 1034*h + 14524. Give v(-55).
4
Let l(z) = z**3 + 23*z**2 - 7*z + 7. Determine l(-18).
1753
Let z(u) = -4*u**3 - 301*u**2 + 3667*u - 2672. Calculate z(-86).
-6
Let j(w) = 1050*w + 303446. What is j(-289)?
-4
Let o(m) = m**3 - 1532*m**2 - 15716*m + 456428. Give o(1542).
-4
Let c(f) = 4*f**2 + 7811*f + 70297. Calculate c(-9).
322
Let z(d) = 2*d**3 - 812*d**2 - 17934*d - 22. Calculate z(427).
-22
Let x(v) = -v**3 - 179*v**2 - 4593*v - 734. What is x(-148)?
6
Let i(g) = g**3 - 74*g**2 - 24*g - 15929. Give i(77).
10
Let x(j) = 159*j + 5376. Give x(-36).
-348
Let d(k) = k**3 + 41*k**2 - 232*k + 171. Determine d(-46).
263
Let r(s) = -s**2 + 236*s - 1293. Determine r(7).
310
Let l(f) = 162305*f + 649229. Calculate l(-4).
9
Let k(z) = 2356*z + 14226. Give k(-6).
90
Let j(i) = 1825*i - 20053. Determine j(11).
22
Let n(r) = 3098*r + 13896. Calculate n(-6).
-4692
Let r(w) = 275*w + 39466. What is r(-138)?
1516
Let y(v) = 2*v**3 - 26*v**2 - 58*v + 301. Calculate y(-4).
-11
Let b(l) = 12*l + 1794. What is b(-60)?
1074
Let p(g) = -369*g + 9524. Give p(26).
-70
Let f(q) = -q**2 + 75*q - 586. What is f(73)?
-440
Let x(s) = -668*s**2 + 62789*s - 72. Give x(94).
-354
Let f(z) = -2*z**3 + 1091*z**2 + 3289*z - 13. Determine f(-3).
-7
Let b(z) = 6*z**2 + 64*z + 37. What is b(-2)?
-67
Let m(g) = 5185*g + 77780. What is m(-15)?
5
Let w(c) = c**3 + 35*c**2 + 184*c + 305. Give w(-29).
15
Let c(z) = z**2 - 28673*z + 143322. What is c(5)?
-18
Let b(h) = -h**3 - 199*h**2 - 1337*h + 972. Determine b(-192).
-372
Let h(t) = t**3 - 247*t**2 + 2218*t - 694. Give h(9).
-10
Let f(q) = 147*q - 14184. Calculate f(95).
-219
Let n(r) = -4*r**3 - 137*r**2 + 114*r + 305. What is n(-35)?
-10
Let j(p) = 364*p + 1573. Determine j(3).
2665
Let j(p) = 844*p - 77532. What is j(92)?
116
Let p(n) = -n**3 + 70*n**2 + 1697*n + 118. What is p(-19)?
4
Let o(b) = 167*b**2 + 181*b + 33. Calculate o(-1).
19
Let g(p) = 6*p**2 + 234*p + 4784. What is g(-30)?
3164
Let j(b) = -3*b**2 + 492*b + 62139. Determine j(247).
636
Let p(n) = -2461*n - 56627. Determine p(-23).
-24
Let m(w) = -274*w - 46691. Determine m(-170).
-111
Let t(j) = -87603*j - 5168582. What is t(-59)?
-5
Let m(c) = -c**3 - 93*c**2 + 125*c + 2927. What is m(-94)?
13
Let n(a) = a**3 - 1444*a**2 - 47322*a + 132837. Determine n(1476).
-3
Let l(k) = -3*k**3 - 147*k**2 + 156*k + 225. Calculate l(-50).
-75
Let s(h) = -10973*h - 11806935. Calculate s(-1076).
13
Let d(b) = 1915*b + 1551159. Give d(-810).
9
Let u(s) = -7008*s - 49077. What is u(-7)?
-21
Let n(y) = 1204*y + 84200. Determine n(-70).
-80
Let q(d) = -313736*d + 627473. What is q(2)?
1
Let m(y) = 143*y + 13271. Calculate m(-93).
-28
Let f(t) = -2*t**3 - 8*t**2 + 2234*t - 4439. What is f(2)?
-19
Let z(d) = 114*d**2 + 348*d + 2396. Calculate z(-7).
5546
Let t(c) = c**3 - 61*c**2 - 1600*c - 6898. What is t(-15)?
2
Let l(q) = q**3 - 6*q**2 + 145*q + 1422. Give l(0).
1422
Let h(f) = -51075*f + 8. What is h(0)?
8
Let o(r) = -1651*r - 113978. Calculate o(-69).
-59
Let m(z) = -z**3 - 485*z**2 - 6134*z + 1289. Give m(-472).
345
Let s(y) = -4*y**2 + 1114*y + 26398. Calculate s(-22).
-46
Let w(j) = 1180*j**2 + 4670*j + 6. Calculate w(-4).
206
Let p(b) = 3*b**3 + 17*b**2 - 44*b - 45. Give p(7).
1509
Let w(q) = 2*q**2 - 984*q - 26848. What is w(-26)?
88
Let r(z) = -2*z**2 - 1015097*z - 6090520. What is r(-6)?
-10
Let t(a) = 38*a**2 + 1748*a + 4908. Determine t(-43).
6
Let y(i) = i**2 + 294*i + 9818. What is y(-35)?
753
Let m(r) = 2*r**2 - 78553*r - 1178749. What is m(-15)?
-4
Let w(j) = 273*j**3 + 4096*j**2 + 41*j + 449. Determine w(-15).
59
Let g(m) = -45*m**2 + 51*m - 486. Determine g(11).
-5370
Let f(l) = 165*l**2 - 470*l + 16. Determine f(3).
91
Let o(u) = -u**3 + 27*u**2 - 250*u + 6530. Calculate o(27).
-220
Let y(x) = -9303*x - 9302. Determine y(-1).
1
Let d(a) = -16*a**2 - 2798*a + 435. What is d(-175)?
85
Let c(y) = -910*y - 13809. Determine c(-16).
751
Let t(g) = -5297*g - 16073. Calculate t(-3).
-182
Let r(a) = -4*a**3 - 56*a**2 + 3393*a - 561. Determine r(-37).
-154
Let b(q) = 14*q**3 + 14*q**2 - 48. What is b(-4)?
-720
Let c(q) = q**2 - 122*q - 210. Calculate c(131).
969
Let m(t) = t**2 - 344*t + 21715. Give m(84).
-125
Let a(p) = -p**3 + 50*p**2 - 167*p + 13. What is a(0)?
13
Let c(z) = 3*z**3 + 84*z**2 + 5*z + 200. Determine c(-28).
60
Let p(y) = 17*y**2 - 12*y - 49. Determine p(10).
1531
Let c(p) = 2*p**3 - 94*p**2 + 507*p - 19148. Give c(46).
-58
Let b(v) = 135*v - 8555. Determine b(64).
85
Let f(c) = c**3 + c**2 + 41*c - 492. Determine f(7).
187
Let i(n) = -5*n**2 + 187*n - 554. Determine i(33).
172
Let x(t) = -t**2 - 202*t - 1688. Determine x(-193).
49
Let d(h) = -h**3 + 87*h**2 - 1661*h - 510. What is d(58)?
708
Let k(d) = -d**2 - 846*d + 12713. Calculate k(15).
-202
Let c(m) = -m**2 - 54*m + 5. Determine c(-58).
-227
Let o(c) = -8*c**3 + 75*c**2 - 73*c - 65. Calculate o(8).
55
Let n(a) = -1321*a + 12008. Give n(9).
119
Let d(f) = -4*f**2 - 11184*f + 44718. Calculate d(4).
-82
Let f(q) = -4*q**2 + 468*q - 6176. Give f(16).
288
Let r(c) = c**2 - 105470*c + 316428. What is r(3)?
27
Let x(a) = 4666*a + 2234973. Determine x(-479).
-41
Let v(r) = 2*r**2 + 1051*r - 32161. What is v(29)?
0
Let q(d) = 8*d**2 - 3010*d + 26994. Determine q(9).
552
Let l(x) = 1379*x**2 - 52457*x + 2088. Calculate l(38).
-2
Let j(q) = -15*q**2 + 523*q + 6876. What is j(45)?
36
Let q(u) = u**3 - 374*u**2 - 2675*u - 52. What is q(-7)?
4
Let o(m) = 2*m**3 + 74*m**2 + 392*m - 190. Give o(-7).
6
Let a(m) = 4*m**3 + 2072*m**2 - 29782*m + 5304. Give a(-532).
-16
Let m(y) = 2*y**3 - 6*y**2 + 6*y + 14. What is m(4)?
70
Let v(u) = -300*u**2 + 192297*u + 2015. Give v(641).
92
Let m(b) = 6485*b**2 + 84311*b + 44. Give m(-13).
-34
Let k(o) = -8*o**3 - 2*o**2 - 46*o + 51. Give k(1).
-5
Let g(d) = -8768*d**2 - 26322*d + 13. Give g(-3).
67
Let m(c) = 205*c - 7472. Give m(37).
113
Let r(b) = 6*b**3 + 1506*b**2 + b + 88. What is r(-251)?
-163
Let w(c) = -77*c**2 + 19*c - 13. Calculate w(-2).
-359
Let q(w) = -6*w**3 + 31*w**2 - 68*w + 1012. Give q(7).
-3
Let t(j) = j**3 - 18*j**2 + 50*j - 860. What is t(18)?
40
Let s(t) = -59*t**2 + 178*t + 1068. What is s(-6)?
-2124
Let u(k) = 1516*k + 